is divided by k(3).
16
Suppose -10*k + 629 = -798 - 343. What is the remainder when k is divided by 31?
22
Suppose 36*m - 2902 = 6674. Let w = 330 - m. Calculate the remainder when w is divided by 5.
4
Let p(d) = d**2 - 2794*d + 491. What is the remainder when p(0) is divided by -13*(-1)/(1 + 0)?
10
Suppose 0 = -w, -5*f + w - 700 = -4*w. What is the remainder when 16 is divided by (-252)/f*(-10)/(-6)?
1
Suppose 0 = 5*i + 4*n - 273, 5*i - 3*i - 102 = 2*n. What is the remainder when 186 is divided by i?
27
Suppose 23*l - 454027 = -7*l - 7*l. Calculate the remainder when l is divided by 38.
35
Let k = -4641 - -4661. Let a = 30 - -56. Calculate the remainder when a is divided by k.
6
Let m = 45 - 49. Let f(c) = 4*c**2 + 6*c + 3. Let b be f(m). Let d = b - 16. What is the remainder when d is divided by 6?
3
Suppose 115*k - 102*k - 56979 = 0. What is the remainder when k is divided by 34?
31
Suppose -4*w + d + 4 = -9, 4*w + 17 = -5*d. Let k be 2/1*(w + 4). Let t = k + 41. What is the remainder when t is divided by 14?
11
Let y = 211 - 208. Suppose -8*j + y*j + 60 = 0. What is the remainder when 165 is divided by j?
9
Suppose -348 = -5*i - 7*i. Suppose -15*f + 27 = 3*q - 14*f, f = 4*q - i. What is the remainder when q is divided by 2?
0
Let a = -66 + 34. Let t = a - -35. Suppose -3*p + 80 = 5*n - t, p - 23 = 3*n. Calculate the remainder when 75 is divided by p.
23
Let d = -13 + 53. Let p = 111 - d. Suppose -3*o + p = 38. Calculate the remainder when 31 is divided by o.
9
Let h = 29 + 29. Let i(n) = -6*n + 37. Let w be i(-7). Let g = w - h. Calculate the remainder when 123 is divided by g.
18
Suppose 0 = -25*x + 262 + 118 + 120. Calculate the remainder when 1326 is divided by x.
6
Suppose -13*t - 115333 = -59*t - 51*t. What is the remainder when t is divided by 40?
29
Let c(b) = -5*b**3 - 4*b**2 - b + 2. Let r be c(-2). Calculate the remainder when 182 is divided by 4/5*r - (-69)/115.
21
Suppose -i = 5*j - 18027, -10 + 25 = -5*i. Calculate the remainder when -2 - j/(-15) - 28/70 is divided by 61.
55
Let r = 41 - 41. Suppose 0 = 7*f - 6*f + t - 10, r = 3*t - 9. Calculate the remainder when (1 + 2)*51/9 is divided by f.
3
Suppose -19*l + 4803 = 2314. Calculate the remainder when 264 is divided by l.
2
Suppose -394*a - 27314 = -399*a - 7*g, -5458 = -a - 2*g. What is the remainder when a is divided by 36?
2
Let t(w) = 2*w**2 - 14*w + 2. Let k be t(7). Suppose -2*x + 56 = -5*h, -k*x + 4*x + 5*h - 76 = 0. What is the remainder when 196 is divided by x?
31
Suppose 16*d + 178 = 738. What is the remainder when 326 is divided by d?
11
Let z(c) = -c**3 + 23*c**2 + 20. Let f(r) = -2*r**3 + r**2 - 4*r - 5. Let v be f(-2). Let l = 126 - 73. Calculate the remainder when l is divided by z(v).
13
Let t be 5 - 7/21*15. Suppose t*u - 5*d = 2*u - 58, -u - 2*d = -27. What is the remainder when 42 is divided by u?
4
What is the remainder when (-26522)/(-19) - 21/((-1995)/10) is divided by 200?
196
Suppose -3*a - 16 = -91. Let p = 57 - a. What is the remainder when 62 is divided by p?
30
Suppose 4*w - 107 = s, 4*s + w - 95 + 489 = 0. What is the remainder when 4/(-6) + -519*11/s is divided by 28?
1
Let g(t) = -t**2 - 23*t + 1668. What is the remainder when 1431 is divided by g(29)?
151
Let l(m) = -m**3 + 7*m - 2. Let j = -59 + 56. Suppose 12*p + 212 = 236. Calculate the remainder when l(j) is divided by p.
0
Suppose -3*z = -4*g + 51, 2*z = 7*z + 25. Let l be -6*((-4)/20 + (-39)/30). Suppose 6*b - 525 = -l*b. Calculate the remainder when b is divided by g.
8
Suppose -5*x - 8*c + 7*c = -4, -2*c = 3*x - 8. Suppose -3*d = 4*n - 364, 4*d + 6*n - 8*n - 456 = x. Calculate the remainder when 1505 is divided by d.
113
Suppose 5*f + 11*f = 224. Suppose 0 = 3*h + 131 + 172. Let z = h + 168. Calculate the remainder when z is divided by f.
11
Calculate the remainder when 2437 is divided by (-7)/(21/(-3636)) - (102 - 104).
9
Let r = 2 + 13. Suppose r = 5*z, 3*n - 2*z - 57 = -3*z. Suppose 3*g - 2*q + 4 - n = 0, 5*q + 25 = 5*g. What is the remainder when 23 is divided by g?
3
Let i(j) be the first derivative of 4*j**3 - 3*j**2 + 4*j - 21. Calculate the remainder when i(2) is divided by 14.
12
Let j = 2331 - 2299. Calculate the remainder when 59 is divided by j.
27
Let f(n) = -n**2 - 18*n + 29. Let t(u) = 2*u**2 + 7*u + 9. Let b be t(-3). Let o be 4/(-2)*b*5/4. What is the remainder when f(o) is divided by 16?
10
Let q(c) = 7*c. Let k be q(7). Suppose -3*i = -116 - k. Calculate the remainder when i is divided by (-1)/(-3) + 9717/711.
13
Suppose 35*m + 38*m - 1899 = 64*m. What is the remainder when 430 is divided by m?
8
Suppose 5238 - 2164 = 71*m - 8712. Calculate the remainder when 953 is divided by m.
123
Let a = -3180 - -3200. Calculate the remainder when 637 is divided by a.
17
Suppose 0 = 2*h - 3*h - 3*a + 271, 4*a = -4*h + 1100. Let z(j) = j**3 + 13*j**2 + 5*j - 194. Calculate the remainder when h is divided by z(-10).
53
Let x = 40 + -70. Let r = -26 - x. What is the remainder when (-34)/((r/(-14))/(45/105)) is divided by 13?
12
Let n be (-3)/2 + 266*(-3)/12. Let m = n + 99. Suppose -m = -3*q + 2*q. Calculate the remainder when q is divided by 10.
1
Let w be (-2)/(-6) - (1680/(-36))/10. Suppose 4*q = -w*j + 175, 10*q - 132 = 7*q - 3*j. Calculate the remainder when q is divided by 12.
9
Let a = 1 - -10. Calculate the remainder when 2522/39 - 960/144 is divided by a.
3
Let h(k) = 22*k + 15. What is the remainder when h(7) is divided by ((-4)/5)/(17/((-9945)/9))?
13
Suppose 0 = -37*k + 9*k + 336. Calculate the remainder when 1281 is divided by k.
9
Suppose -3*l + 133 = -2*l - 2*g, -4*l = -2*g - 496. What is the remainder when 141 is divided by l?
20
Suppose 5*z = 4*d - 586, 116*d - 4*z = 115*d + 152. Calculate the remainder when 2872 is divided by d.
136
Let k(f) = f - 4. Let y be k(-2). Calculate the remainder when 38/((-40)/y + -6) is divided by 16.
9
Suppose 0 = 4*f - 311 - 17. Calculate the remainder when f is divided by (-34)/10*(-9 + 8) + (-15)/(-25).
2
Suppose 30*l + 18*l - 1494 = 42*l. What is the remainder when l is divided by 16?
9
Let k = -9103 + 17262. Calculate the remainder when k is divided by 102.
101
Suppose -15 = -5*v, -k = -4*k - 3*v - 105. Calculate the remainder when 221 is divided by k*(20/(-2) + 8).
69
Suppose 0 = 6*v - 253 - 173. Let i = v + -50. Suppose -35 = 16*p - i*p. What is the remainder when 20 is divided by p?
6
Let j(w) = 4*w - 8. Let g(c) = -c**3 - 10*c**2 - 19*c - 17. Let d be g(-9). Suppose 47 = -d*u + 74*u. What is the remainder when u is divided by j(4)?
7
Let k = 7362 - 4583. Suppose 38*y - k = 489. Calculate the remainder when 96 is divided by y.
10
Suppose 8*q + 35 - 235 = 0. Suppose -93 = -5*a + m, -m + 4*m - 81 = -5*a. Suppose 0 = -6*z + 4*z + a. Calculate the remainder when q is divided by z.
7
Let p(t) = -56*t - 687. Calculate the remainder when 229 is divided by p(-13).
24
Let g = 2 - 0. Suppose p + 62 = -0*f + g*f, 3*p = -f + 24. Suppose -29*w + 4522 = 9*w. Calculate the remainder when w is divided by f.
29
Let v = -38 + 69. Let b(z) = -109*z - 417. Let r be b(-4). Let y = v - r. What is the remainder when y is divided by 3?
0
Suppose -2*c - 4*c + 380 = 4*c. Calculate the remainder when 173 is divided by c.
21
Let n(h) = h**3 - 5*h**2 + 2*h - 2. What is the remainder when 6*20/(-12)*272/(-85) is divided by n(5)?
0
What is the remainder when (((-1305)/75)/(2/(-10)))/((-6)/(-20)) is divided by 53?
25
Suppose 8*i - 4*i = 40. Let x = 113 - 113. Calculate the remainder when ((-9)/(-6))/(x - 1/(-46)) is divided by i.
9
Let h be (87/319)/((-2)/(-22)). Suppose 4*v + 2*b - 110 = 0, -h*v - 19 + 108 = -5*b. What is the remainder when 148 is divided by v?
8
Let w = -179 + 66. Let h = -81 - w. Suppose -h = 8*d - 88. What is the remainder when 22 is divided by d?
1
Let d be (2/4)/((-17)/(-34646)). Suppose 15*a = -d + 5024. Calculate the remainder when a is divided by 27.
24
Let s(r) = 55*r - 467. Calculate the remainder when s(30) is divided by 295.
3
Suppose -4*m - 87 = -295. Suppose 699 + 1293 = 83*l. Suppose l*w = 25*w - m. What is the remainder when w is divided by 11?
8
Suppose 12 = 16*d - 13*d. Suppose 0 = -u + 2*o - 17, 3*u + 0*u + d*o + 1 = 0. Calculate the remainder when 3924/84 - 2/u is divided by 16.
15
Let t be 20/25*20*(2 - 0). Suppose 